inder when 9376 is divided by 9205?
171
Calculate the remainder when 192004 is divided by 12799.
19
What is the remainder when 8858379 is divided by 2952791?
6
What is the remainder when 263249 is divided by 65735?
309
What is the remainder when 141114 is divided by 630?
624
Calculate the remainder when 548109 is divided by 3045.
9
Calculate the remainder when 1247708 is divided by 3409.
14
What is the remainder when 937771 is divided by 41?
19
What is the remainder when 764683 is divided by 3678?
3337
What is the remainder when 637670623 is divided by 18?
13
Calculate the remainder when 2878869 is divided by 719.
712
Calculate the remainder when 383227799 is divided by 600.
599
Calculate the remainder when 497466 is divided by 165815.
21
Calculate the remainder when 309617 is divided by 3772.
313
Calculate the remainder when 59168298 is divided by 505.
478
Calculate the remainder when 3958005 is divided by 208296.
381
What is the remainder when 413701 is divided by 101?
5
What is the remainder when 251778 is divided by 8970?
618
Calculate the remainder when 19592553 is divided by 898.
887
Calculate the remainder when 7166935 is divided by 1558.
135
What is the remainder when 2701303 is divided by 112539?
367
What is the remainder when 251 is divided by 102?
47
Calculate the remainder when 484647 is divided by 323.
147
Calculate the remainder when 2029598 is divided by 2834.
454
What is the remainder when 475495 is divided by 118464?
1639
What is the remainder when 274280 is divided by 68570?
0
Calculate the remainder when 13536956 is divided by 28379.
173
What is the remainder when 1606147 is divided by 429?
400
What is the remainder when 100253 is divided by 18161?
9448
Calculate the remainder when 7549354 is divided by 1511.
398
Calculate the remainder when 337753 is divided by 8889.
8860
What is the remainder when 4973620 is divided by 2?
0
What is the remainder when 366965 is divided by 4562?
2005
What is the remainder when 3221500 is divided by 6973?
6947
Calculate the remainder when 35749438 is divided by 7149882.
28
What is the remainder when 835670 is divided by 3958?
532
Calculate the remainder when 203327 is divided by 2259.
17
What is the remainder when 13520876 is divided by 890?
886
What is the remainder when 739191 is divided by 9356?
67
What is the remainder when 367854 is divided by 183695?
464
What is the remainder when 54397094 is divided by 46?
24
What is the remainder when 945431 is divided by 192?
23
What is the remainder when 419297 is divided by 742?
67
Calculate the remainder when 949249 is divided by 1531.
29
Calculate the remainder when 308779 is divided by 5911.
1407
What is the remainder when 984400 is divided by 577?
38
Calculate the remainder when 3569118 is divided by 4950.
168
What is the remainder when 6053964 is divided by 92?
88
Calculate the remainder when 560111837 is divided by 59.
57
What is the remainder when 18321052 is divided by 321?
298
Calculate the remainder when 182076268 is divided by 341.
0
Calculate the remainder when 2019933 is divided by 394.
289
What is the remainder when 11998783 is divided by 1197?
55
What is the remainder when 756742 is divided by 19914?
10
Calculate the remainder when 3037243 is divided by 151860.
43
What is the remainder when 39188 is divided by 1639?
1491
Calculate the remainder when 142807 is divided by 7625.
5557
What is the remainder when 1959404 is divided by 1959327?
77
What is the remainder when 2881325 is divided by 19?
13
Calculate the remainder when 1732798 is divided by 228.
226
What is the remainder when 4744535 is divided by 2368?
1431
Calculate the remainder when 36665155 is divided by 185.
5
Calculate the remainder when 207951 is divided by 13801.
936
Calculate the remainder when 40989121 is divided by 22.
19
Calculate the remainder when 181412 is divided by 7555.
92
What is the remainder when 47236435 is divided by 3?
1
Calculate the remainder when 824110 is divided by 4021.
3826
What is the remainder when 214178828 is divided by 2967?
2966
Calculate the remainder when 121088 is divided by 1755.
1748
What is the remainder when 18804 is divided by 118?
42
Calculate the remainder when 2307647 is divided by 15698.
41
Calculate the remainder when 279280 is divided by 4302.
3952
Calculate the remainder when 564402 is divided by 374.
36
Calculate the remainder when 3966038 is divided by 23.
10
What is the remainder when 17053 is divided by 2793?
295
What is the remainder when 60130963 is divided by 98414?
9
Calculate the remainder when 1367255 is divided by 150.
5
Calculate the remainder when 1435994 is divided by 763.
28
What is the remainder when 1501458 is divided by 128?
18
What is the remainder when 383414 is divided by 356?
2
Calculate the remainder when 1694310 is divided by 72.
6
What is the remainder when 359562956 is divided by 6841?
6837
Calculate the remainder when 2441714 is divided by 624.
2
What is the remainder when 275741961 is divided by 55148390?
11
Calculate the remainder when 616262 is divided by 5360.
5222
Calculate the remainder when 1639674 is divided by 20235.
639
Calculate the remainder when 434875 is divided by 33451.
12
What is the remainder when 575974 is divided by 115180?
74
Calculate the remainder when 10237489 is divided by 301102.
21
Calculate the remainder when 17421984 is divided by 17421971.
13
Calculate the remainder when 348912 is divided by 942.
372
What is the remainder when 6814344 is divided by 1373?
145
Calculate the remainder when 853076 is divided by 6612.
128
Calculate the remainder when 158968 is divided by 10553.
673
Calculate the remainder when 55258 is divided by 4219.
411
Calculate the remainder when 32851 is divided by 5090.
2311
What is the remainder when 283048546 is divided by 4661?
4660
What is the remainder when 86072 is divided by 13395?
5702
Calculate the remainder when 6801099 is divided by 1150.
1149
What is the remainder when 298946 is divided by 148899?
1148
What is the remainder when 1161166123 is divided by 5125?
5123
What is the remainder when 40845908 is divided by 448855?
103
Calculate the remainder when 2295562 is divided by 67515.
52
What is the remainder when 379774031 is divided by 10384?
10383
What is the remainder when 202354 is divided by 2216?
698
Calculate the remainder when 212279094 is divided by 220.
214
Calculate the remainder when 354657356 is divided by 73.
69
Calculate the remainder when 78969805 is divided by 151865.
5
Calculate the remainder when 737922 is divided by 243753.
6663
Calculate the remainder when 51961 is divided by 17220.
301
Calculate the remainder when 647943 is divided by 782.
447
What is the remainder when 907162 is divided by 7753?
61
What is the remainder when 24352934 is divided by 8?
6
Calculate the remainder when 12846268 is divided by 111.
16
Calculate the remainder when 80400155 is divided by 77.
66
What is the remainder when 903139 is divided by 185?
154
What is the remainder when 17623081 is divided by 278?
105
Calculate the remainder when 10348660 is divided by 85.
80
What is the remainder when 15163957 is divided by 15163948?
9
What is the remainder when 71278989 is divided by 19?
14
Calculate the remainder when 7201803 is divided by 1664.
11
Calculate the remainder when 2412856 is divided by 187.
182
Calculate the remainder when 93121 is divided by 5569.
4017
Calculate the remainder when 9748499 is divided by 2973.
32
Calculate the remainder when 3882603 is divided by 3.
0
What is the remainder when 452025198 is divided by 1672?
1670
What is the remainder when 57953201 is divided by 2783?
9
Calculate the remainder when 109379 is divided by 1683.
1667
Calculate the remainder when 33441745 is divided by 225.
220
What is the remainder when 11004758 is divided by 152?
110
Calculate the remainder when 225543062 is divided by 57.
47
What is the remainder when 2393853 is divided by 33713?
230
What is the remainder when 5727308 is divided by 9343?
49
What is the remainder when 639542781 is divided by 2944?
2941
Calculate the remainder when 45073 is divided by 5546.
705
What is the remainder when 3628282 is divided by 29?
5
Calculate the remainder when 205462922 is divided by 2515.
2512
What is the remainder when 2840940 is divided by 23097?
9
What 